{"id":19,"date":"2020-11-22T08:05:38","date_gmt":"2020-11-22T07:05:38","guid":{"rendered":"http:\/\/www.mirkovic-zaunbau.de\/wp2020\/?page_id=19"},"modified":"2020-11-22T09:22:42","modified_gmt":"2020-11-22T08:22:42","slug":"kontakt","status":"publish","type":"page","link":"https:\/\/www.mirkovic-zaunbau.de\/?page_id=19","title":{"rendered":"KONTAKT"},"content":{"rendered":"<h2>Mirkovic &#8222;Montage von Tor- und Zaunanlagen&#8220;<\/h2>\n<p>Inhaber: Snjezana Mirkovic<br \/>\nWaterkamp 26<br \/>\n59075 Hamm, Deutschland<br \/>\nE-Mailadresse: info(at)mirkovic-zaunbau.de<br \/>\nTelefon: +49 2381 3731568<\/p>\n<h2>\u00d6ffnungszeiten<\/h2>\n<p><span style=\"color: #ff6600;\"><strong>Bitte k\u00fcndigen Sie Ihren Besuch an!<\/strong><\/span><\/p>\n<p><span style=\"color: #ff6600;\"><strong>Wir m\u00f6chten nicht, dass Sie vor einem geschlossenen Tor stehen.<\/strong><\/span><\/p>\n","protected":false},"excerpt":{"rendered":"<p>Mirkovic &#8222;Montage von Tor- und Zaunanlagen&#8220; Inhaber: Snjezana Mirkovic Waterkamp 26 59075 Hamm, Deutschland E-Mailadresse: info(at)mirkovic-zaunbau.de Telefon: +49 2381 3731568 \u00d6ffnungszeiten Bitte k\u00fcndigen Sie Ihren Besuch an! Wir m\u00f6chten nicht, dass Sie vor einem geschlossenen Tor stehen.<\/p>\n","protected":false},"author":1,"featured_media":0,"parent":0,"menu_order":0,"comment_status":"closed","ping_status":"closed","template":"","meta":{"footnotes":""},"class_list":["post-19","page","type-page","status-publish","hentry"],"_links":{"self":[{"href":"https:\/\/www.mirkovic-zaunbau.de\/index.php?rest_route=\/wp\/v2\/pages\/19","targetHints":{"allow":["GET"]}}],"collection":[{"href":"https:\/\/www.mirkovic-zaunbau.de\/index.php?rest_route=\/wp\/v2\/pages"}],"about":[{"href":"https:\/\/www.mirkovic-zaunbau.de\/index.php?rest_route=\/wp\/v2\/types\/page"}],"author":[{"embeddable":true,"href":"https:\/\/www.mirkovic-zaunbau.de\/index.php?rest_route=\/wp\/v2\/users\/1"}],"replies":[{"embeddable":true,"href":"https:\/\/www.mirkovic-zaunbau.de\/index.php?rest_route=%2Fwp%2Fv2%2Fcomments&post=19"}],"version-history":[{"count":3,"href":"https:\/\/www.mirkovic-zaunbau.de\/index.php?rest_route=\/wp\/v2\/pages\/19\/revisions"}],"predecessor-version":[{"id":58,"href":"https:\/\/www.mirkovic-zaunbau.de\/index.php?rest_route=\/wp\/v2\/pages\/19\/revisions\/58"}],"wp:attachment":[{"href":"https:\/\/www.mirkovic-zaunbau.de\/index.php?rest_route=%2Fwp%2Fv2%2Fmedia&parent=19"}],"curies":[{"name":"wp","href":"https:\/\/api.w.org\/{rel}","templated":true}]}}